{"id":4268,"date":"2021-01-03T15:17:27","date_gmt":"2021-01-03T13:17:27","guid":{"rendered":"https:\/\/espoontaidelainaamo.fi\/?post_type=tapahtumat&#038;p=4268"},"modified":"2021-01-07T14:51:15","modified_gmt":"2021-01-07T12:51:15","slug":"january-artist-of-the-month-johanna-etelavirta","status":"publish","type":"tapahtumat","link":"https:\/\/espoontaidelainaamo.fi\/en\/tapahtumat\/january-artist-of-the-month-johanna-etelavirta\/","title":{"rendered":"January Artist of the Month: Johanna Etel\u00e4virta"},"content":{"rendered":"\n<p>Lakanat, torkku, toisto<\/p>\n\n\n\n<p>vaaleanpunainen laskos n\u00e4kyn\u00e4<br>n\u00e4ht\u00e4vyys n\u00e4htyn\u00e4.<\/p>\n\n\n\n<p>Vaakatasossa vastavoima<br>painovoiman ihmetys koottuna<br>kehoon koko y\u00f6.<\/p>\n\n\n\n<p>Vajaa k\u00e4ynnill\u00e4 vasten k\u00e4ynnistys<br>vajaus painautuneena<br>patjaan paluu<\/p>\n\n\n\n<p>jalkojen kohdalla aukko<br>vasten lattiaa<br>vastus.<\/p>\n\n\n\n<p>Vaivaton?<\/p>\n\n\n\n<div class=\"wp-block-file\"><a href=\"https:\/\/espoontaidelainaamo.fi\/wp-content\/uploads\/2021\/01\/cv-johanna-etelavirta-1.pdf\">CV Johanna Etel\u00e4virta<\/a><a href=\"https:\/\/espoontaidelainaamo.fi\/wp-content\/uploads\/2021\/01\/cv-johanna-etelavirta-1.pdf\" class=\"wp-block-file__button\" download>Lataa<\/a><\/div>\n","protected":false},"featured_media":4269,"template":"","tags":[],"class_list":["post-4268","tapahtumat","type-tapahtumat","status-publish","has-post-thumbnail","hentry"],"acf":[],"yoast_head":"<!-- This site is optimized with the Yoast SEO plugin v27.5 - https:\/\/yoast.com\/product\/yoast-seo-wordpress\/ -->\n<title>January Artist of the Month: Johanna Etel\u00e4virta - Espoon Taidelainaamo<\/title>\n<meta name=\"robots\" content=\"index, follow, max-snippet:-1, max-image-preview:large, max-video-preview:-1\" \/>\n<link rel=\"canonical\" href=\"https:\/\/espoontaidelainaamo.fi\/en\/tapahtumat\/january-artist-of-the-month-johanna-etelavirta\/\" \/>\n<meta property=\"og:locale\" content=\"en_US\" \/>\n<meta property=\"og:type\" content=\"article\" \/>\n<meta property=\"og:title\" content=\"January Artist of the Month: Johanna Etel\u00e4virta - Espoon Taidelainaamo\" \/>\n<meta property=\"og:description\" content=\"Lakanat, torkku, toisto vaaleanpunainen laskos n\u00e4kyn\u00e4n\u00e4ht\u00e4vyys n\u00e4htyn\u00e4. Vaakatasossa vastavoimapainovoiman ihmetys koottunakehoon koko y\u00f6. Vajaa k\u00e4ynnill\u00e4 vasten k\u00e4ynnistysvajaus painautuneenapatjaan paluu jalkojen kohdalla aukkovasten lattiaavastus. Vaivaton?\" \/>\n<meta property=\"og:url\" content=\"https:\/\/espoontaidelainaamo.fi\/en\/tapahtumat\/january-artist-of-the-month-johanna-etelavirta\/\" \/>\n<meta property=\"og:site_name\" content=\"Espoon Taidelainaamo\" \/>\n<meta property=\"article:modified_time\" content=\"2021-01-07T12:51:15+00:00\" \/>\n<meta property=\"og:image\" content=\"https:\/\/espoontaidelainaamo.fi\/wp-content\/uploads\/2021\/01\/unnamed-file-1-scaled.jpg\" \/>\n\t<meta property=\"og:image:width\" content=\"2560\" \/>\n\t<meta property=\"og:image:height\" content=\"2151\" \/>\n\t<meta property=\"og:image:type\" content=\"image\/jpeg\" \/>\n<meta name=\"twitter:card\" content=\"summary_large_image\" \/>\n<script type=\"application\/ld+json\" class=\"yoast-schema-graph\">{\"@context\":\"https:\\\/\\\/schema.org\",\"@graph\":[{\"@type\":\"WebPage\",\"@id\":\"https:\\\/\\\/espoontaidelainaamo.fi\\\/en\\\/tapahtumat\\\/january-artist-of-the-month-johanna-etelavirta\\\/\",\"url\":\"https:\\\/\\\/espoontaidelainaamo.fi\\\/en\\\/tapahtumat\\\/january-artist-of-the-month-johanna-etelavirta\\\/\",\"name\":\"January Artist of the Month: Johanna Etel\u00e4virta - Espoon Taidelainaamo\",\"isPartOf\":{\"@id\":\"https:\\\/\\\/espoontaidelainaamo.fi\\\/#website\"},\"primaryImageOfPage\":{\"@id\":\"https:\\\/\\\/espoontaidelainaamo.fi\\\/en\\\/tapahtumat\\\/january-artist-of-the-month-johanna-etelavirta\\\/#primaryimage\"},\"image\":{\"@id\":\"https:\\\/\\\/espoontaidelainaamo.fi\\\/en\\\/tapahtumat\\\/january-artist-of-the-month-johanna-etelavirta\\\/#primaryimage\"},\"thumbnailUrl\":\"https:\\\/\\\/espoontaidelainaamo.fi\\\/wp-content\\\/uploads\\\/2021\\\/01\\\/unnamed-file-1-scaled.jpg\",\"datePublished\":\"2021-01-03T13:17:27+00:00\",\"dateModified\":\"2021-01-07T12:51:15+00:00\",\"breadcrumb\":{\"@id\":\"https:\\\/\\\/espoontaidelainaamo.fi\\\/en\\\/tapahtumat\\\/january-artist-of-the-month-johanna-etelavirta\\\/#breadcrumb\"},\"inLanguage\":\"en-US\",\"potentialAction\":[{\"@type\":\"ReadAction\",\"target\":[\"https:\\\/\\\/espoontaidelainaamo.fi\\\/en\\\/tapahtumat\\\/january-artist-of-the-month-johanna-etelavirta\\\/\"]}]},{\"@type\":\"ImageObject\",\"inLanguage\":\"en-US\",\"@id\":\"https:\\\/\\\/espoontaidelainaamo.fi\\\/en\\\/tapahtumat\\\/january-artist-of-the-month-johanna-etelavirta\\\/#primaryimage\",\"url\":\"https:\\\/\\\/espoontaidelainaamo.fi\\\/wp-content\\\/uploads\\\/2021\\\/01\\\/unnamed-file-1-scaled.jpg\",\"contentUrl\":\"https:\\\/\\\/espoontaidelainaamo.fi\\\/wp-content\\\/uploads\\\/2021\\\/01\\\/unnamed-file-1-scaled.jpg\",\"width\":2560,\"height\":2151},{\"@type\":\"BreadcrumbList\",\"@id\":\"https:\\\/\\\/espoontaidelainaamo.fi\\\/en\\\/tapahtumat\\\/january-artist-of-the-month-johanna-etelavirta\\\/#breadcrumb\",\"itemListElement\":[{\"@type\":\"ListItem\",\"position\":1,\"name\":\"Home\",\"item\":\"https:\\\/\\\/espoontaidelainaamo.fi\\\/en\\\/\"},{\"@type\":\"ListItem\",\"position\":2,\"name\":\"January Artist of the Month: Johanna Etel\u00e4virta\"}]},{\"@type\":\"WebSite\",\"@id\":\"https:\\\/\\\/espoontaidelainaamo.fi\\\/#website\",\"url\":\"https:\\\/\\\/espoontaidelainaamo.fi\\\/\",\"name\":\"Espoon Taidelainaamo\",\"description\":\"\",\"potentialAction\":[{\"@type\":\"SearchAction\",\"target\":{\"@type\":\"EntryPoint\",\"urlTemplate\":\"https:\\\/\\\/espoontaidelainaamo.fi\\\/?s={search_term_string}\"},\"query-input\":{\"@type\":\"PropertyValueSpecification\",\"valueRequired\":true,\"valueName\":\"search_term_string\"}}],\"inLanguage\":\"en-US\"}]}<\/script>\n<!-- \/ Yoast SEO plugin. -->","yoast_head_json":{"title":"January Artist of the Month: Johanna Etel\u00e4virta - Espoon Taidelainaamo","robots":{"index":"index","follow":"follow","max-snippet":"max-snippet:-1","max-image-preview":"max-image-preview:large","max-video-preview":"max-video-preview:-1"},"canonical":"https:\/\/espoontaidelainaamo.fi\/en\/tapahtumat\/january-artist-of-the-month-johanna-etelavirta\/","og_locale":"en_US","og_type":"article","og_title":"January Artist of the Month: Johanna Etel\u00e4virta - Espoon Taidelainaamo","og_description":"Lakanat, torkku, toisto vaaleanpunainen laskos n\u00e4kyn\u00e4n\u00e4ht\u00e4vyys n\u00e4htyn\u00e4. Vaakatasossa vastavoimapainovoiman ihmetys koottunakehoon koko y\u00f6. Vajaa k\u00e4ynnill\u00e4 vasten k\u00e4ynnistysvajaus painautuneenapatjaan paluu jalkojen kohdalla aukkovasten lattiaavastus. Vaivaton?","og_url":"https:\/\/espoontaidelainaamo.fi\/en\/tapahtumat\/january-artist-of-the-month-johanna-etelavirta\/","og_site_name":"Espoon Taidelainaamo","article_modified_time":"2021-01-07T12:51:15+00:00","og_image":[{"width":2560,"height":2151,"url":"https:\/\/espoontaidelainaamo.fi\/wp-content\/uploads\/2021\/01\/unnamed-file-1-scaled.jpg","type":"image\/jpeg"}],"twitter_card":"summary_large_image","schema":{"@context":"https:\/\/schema.org","@graph":[{"@type":"WebPage","@id":"https:\/\/espoontaidelainaamo.fi\/en\/tapahtumat\/january-artist-of-the-month-johanna-etelavirta\/","url":"https:\/\/espoontaidelainaamo.fi\/en\/tapahtumat\/january-artist-of-the-month-johanna-etelavirta\/","name":"January Artist of the Month: Johanna Etel\u00e4virta - Espoon Taidelainaamo","isPartOf":{"@id":"https:\/\/espoontaidelainaamo.fi\/#website"},"primaryImageOfPage":{"@id":"https:\/\/espoontaidelainaamo.fi\/en\/tapahtumat\/january-artist-of-the-month-johanna-etelavirta\/#primaryimage"},"image":{"@id":"https:\/\/espoontaidelainaamo.fi\/en\/tapahtumat\/january-artist-of-the-month-johanna-etelavirta\/#primaryimage"},"thumbnailUrl":"https:\/\/espoontaidelainaamo.fi\/wp-content\/uploads\/2021\/01\/unnamed-file-1-scaled.jpg","datePublished":"2021-01-03T13:17:27+00:00","dateModified":"2021-01-07T12:51:15+00:00","breadcrumb":{"@id":"https:\/\/espoontaidelainaamo.fi\/en\/tapahtumat\/january-artist-of-the-month-johanna-etelavirta\/#breadcrumb"},"inLanguage":"en-US","potentialAction":[{"@type":"ReadAction","target":["https:\/\/espoontaidelainaamo.fi\/en\/tapahtumat\/january-artist-of-the-month-johanna-etelavirta\/"]}]},{"@type":"ImageObject","inLanguage":"en-US","@id":"https:\/\/espoontaidelainaamo.fi\/en\/tapahtumat\/january-artist-of-the-month-johanna-etelavirta\/#primaryimage","url":"https:\/\/espoontaidelainaamo.fi\/wp-content\/uploads\/2021\/01\/unnamed-file-1-scaled.jpg","contentUrl":"https:\/\/espoontaidelainaamo.fi\/wp-content\/uploads\/2021\/01\/unnamed-file-1-scaled.jpg","width":2560,"height":2151},{"@type":"BreadcrumbList","@id":"https:\/\/espoontaidelainaamo.fi\/en\/tapahtumat\/january-artist-of-the-month-johanna-etelavirta\/#breadcrumb","itemListElement":[{"@type":"ListItem","position":1,"name":"Home","item":"https:\/\/espoontaidelainaamo.fi\/en\/"},{"@type":"ListItem","position":2,"name":"January Artist of the Month: Johanna Etel\u00e4virta"}]},{"@type":"WebSite","@id":"https:\/\/espoontaidelainaamo.fi\/#website","url":"https:\/\/espoontaidelainaamo.fi\/","name":"Espoon Taidelainaamo","description":"","potentialAction":[{"@type":"SearchAction","target":{"@type":"EntryPoint","urlTemplate":"https:\/\/espoontaidelainaamo.fi\/?s={search_term_string}"},"query-input":{"@type":"PropertyValueSpecification","valueRequired":true,"valueName":"search_term_string"}}],"inLanguage":"en-US"}]}},"_links":{"self":[{"href":"https:\/\/espoontaidelainaamo.fi\/en\/wp-json\/wp\/v2\/tapahtumat\/4268","targetHints":{"allow":["GET"]}}],"collection":[{"href":"https:\/\/espoontaidelainaamo.fi\/en\/wp-json\/wp\/v2\/tapahtumat"}],"about":[{"href":"https:\/\/espoontaidelainaamo.fi\/en\/wp-json\/wp\/v2\/types\/tapahtumat"}],"wp:featuredmedia":[{"embeddable":true,"href":"https:\/\/espoontaidelainaamo.fi\/en\/wp-json\/wp\/v2\/media\/4269"}],"wp:attachment":[{"href":"https:\/\/espoontaidelainaamo.fi\/en\/wp-json\/wp\/v2\/media?parent=4268"}],"wp:term":[{"taxonomy":"post_tag","embeddable":true,"href":"https:\/\/espoontaidelainaamo.fi\/en\/wp-json\/wp\/v2\/tags?post=4268"}],"curies":[{"name":"wp","href":"https:\/\/api.w.org\/{rel}","templated":true}]}}

January Artist of the Month: Johanna Etelävirta

<p>Lakanat, torkku, toisto</p>



<p>vaaleanpunainen laskos näkynä<br>nähtävyys nähtynä.</p>



<p>Vaakatasossa vastavoima<br>painovoiman ihmetys koottuna<br>kehoon koko yö.</p>



<p>Vajaa käynnillä vasten käynnistys<br>vajaus painautuneena<br>patjaan paluu</p>



<p>jalkojen kohdalla aukko<br>vasten lattiaa<br>vastus.</p>



<p>Vaivaton?</p>



<div class="wp-block-file"><a href="https://espoontaidelainaamo.fi/wp-content/uploads/2021/01/cv-johanna-etelavirta-1.pdf">CV Johanna Etelävirta</a><a href="https://espoontaidelainaamo.fi/wp-content/uploads/2021/01/cv-johanna-etelavirta-1.pdf" class="wp-block-file__button" download>Lataa</a></div>

<!-- This site is optimized with the Yoast SEO plugin v27.5 - https://yoast.com/product/yoast-seo-wordpress/ -->
<title>January Artist of the Month: Johanna Etelävirta - Espoon Taidelainaamo</title>
<meta name="robots" content="index, follow, max-snippet:-1, max-image-preview:large, max-video-preview:-1" />
<link rel="canonical" href="https://espoontaidelainaamo.fi/en/tapahtumat/january-artist-of-the-month-johanna-etelavirta/" />
<meta property="og:locale" content="en_US" />
<meta property="og:type" content="article" />
<meta property="og:title" content="January Artist of the Month: Johanna Etelävirta - Espoon Taidelainaamo" />
<meta property="og:description" content="Lakanat, torkku, toisto vaaleanpunainen laskos näkynänähtävyys nähtynä. Vaakatasossa vastavoimapainovoiman ihmetys koottunakehoon koko yö. Vajaa käynnillä vasten käynnistysvajaus painautuneenapatjaan paluu jalkojen kohdalla aukkovasten lattiaavastus. Vaivaton?" />
<meta property="og:url" content="https://espoontaidelainaamo.fi/en/tapahtumat/january-artist-of-the-month-johanna-etelavirta/" />
<meta property="og:site_name" content="Espoon Taidelainaamo" />
<meta property="article:modified_time" content="2021-01-07T12:51:15+00:00" />
<meta property="og:image" content="https://espoontaidelainaamo.fi/wp-content/uploads/2021/01/unnamed-file-1-scaled.jpg" />
	<meta property="og:image:width" content="2560" />
	<meta property="og:image:height" content="2151" />
	<meta property="og:image:type" content="image/jpeg" />
<meta name="twitter:card" content="summary_large_image" />
<script type="application/ld+json" class="yoast-schema-graph">{"@context":"https:\/\/schema.org","@graph":[{"@type":"WebPage","@id":"https:\/\/espoontaidelainaamo.fi\/en\/tapahtumat\/january-artist-of-the-month-johanna-etelavirta\/","url":"https:\/\/espoontaidelainaamo.fi\/en\/tapahtumat\/january-artist-of-the-month-johanna-etelavirta\/","name":"January Artist of the Month: Johanna Etelävirta - Espoon Taidelainaamo","isPartOf":{"@id":"https:\/\/espoontaidelainaamo.fi\/#website"},"primaryImageOfPage":{"@id":"https:\/\/espoontaidelainaamo.fi\/en\/tapahtumat\/january-artist-of-the-month-johanna-etelavirta\/#primaryimage"},"image":{"@id":"https:\/\/espoontaidelainaamo.fi\/en\/tapahtumat\/january-artist-of-the-month-johanna-etelavirta\/#primaryimage"},"thumbnailUrl":"https:\/\/espoontaidelainaamo.fi\/wp-content\/uploads\/2021\/01\/unnamed-file-1-scaled.jpg","datePublished":"2021-01-03T13:17:27+00:00","dateModified":"2021-01-07T12:51:15+00:00","breadcrumb":{"@id":"https:\/\/espoontaidelainaamo.fi\/en\/tapahtumat\/january-artist-of-the-month-johanna-etelavirta\/#breadcrumb"},"inLanguage":"en-US","potentialAction":[{"@type":"ReadAction","target":["https:\/\/espoontaidelainaamo.fi\/en\/tapahtumat\/january-artist-of-the-month-johanna-etelavirta\/"]}]},{"@type":"ImageObject","inLanguage":"en-US","@id":"https:\/\/espoontaidelainaamo.fi\/en\/tapahtumat\/january-artist-of-the-month-johanna-etelavirta\/#primaryimage","url":"https:\/\/espoontaidelainaamo.fi\/wp-content\/uploads\/2021\/01\/unnamed-file-1-scaled.jpg","contentUrl":"https:\/\/espoontaidelainaamo.fi\/wp-content\/uploads\/2021\/01\/unnamed-file-1-scaled.jpg","width":2560,"height":2151},{"@type":"BreadcrumbList","@id":"https:\/\/espoontaidelainaamo.fi\/en\/tapahtumat\/january-artist-of-the-month-johanna-etelavirta\/#breadcrumb","itemListElement":[{"@type":"ListItem","position":1,"name":"Home","item":"https:\/\/espoontaidelainaamo.fi\/en\/"},{"@type":"ListItem","position":2,"name":"January Artist of the Month: Johanna Etelävirta"}]},{"@type":"WebSite","@id":"https:\/\/espoontaidelainaamo.fi\/#website","url":"https:\/\/espoontaidelainaamo.fi\/","name":"Espoon Taidelainaamo","description":"","potentialAction":[{"@type":"SearchAction","target":{"@type":"EntryPoint","urlTemplate":"https:\/\/espoontaidelainaamo.fi\/?s={search_term_string}"},"query-input":{"@type":"PropertyValueSpecification","valueRequired":true,"valueName":"search_term_string"}}],"inLanguage":"en-US"}]}</script>
<!-- / Yoast SEO plugin. -->

January Artist of the Month: Johanna Etelävirta - Espoon Taidelainaamo

Lakanat, torkku, toisto vaaleanpunainen laskos näkynänähtävyys nähtynä. Vaakatasossa vastavoimapainovoiman ihmetys koottunakehoon koko yö. Vajaa käynnillä vasten käynnistysvajaus painautuneenapatjaan paluu jalkojen kohdalla aukkovasten lattiaavastus. Vaivaton?
